st common factor of 7011 and p.
41
Let t(v) = -v**2 - 9*v + 21. Let x be t(-10). Let p = 0 - x. Let s(c) = c**2 + 9*c - 4. Let k be s(p). Calculate the greatest common divisor of 54 and k.
18
Let i be 4410/546 - (-4)/(-52) - -12. Calculate the highest common divisor of 1620 and i.
20
Let l be 59/3 + (-7)/(-21). Suppose 0 = -21*k - 112*k + 18620. Calculate the highest common factor of k and l.
20
Suppose -2*b - 14 = g - 45, b - 34 = -g. Let l = 82 - 80. Calculate the greatest common divisor of g and l.
1
Let l be 12/(-3) - (-1512)/6. Let t be 31*(3/9 + 8/12). What is the greatest common factor of t and l?
31
Suppose -114 + 6 = -6*k. Suppose 1022 = 5*x + 257. Suppose 5*j = 3*g + x, 143 + 8 = 5*j - g. Calculate the highest common divisor of k and j.
6
Let y = -30 + 38. Let x(l) = -l**2 + 54*l - 317. Let h be x(9). Calculate the highest common factor of h and y.
8
Let n be (4/6)/(2/120). Let l be (1 - 0)*-1 - (-6 + -15 - -4). What is the highest common factor of l and n?
8
Let a be 6/((-78)/41) - -3 - (-80)/13. What is the greatest common factor of a and 114?
6
Let f(q) = q + 1. Let v be f(0). Suppose 8*j - n = 13*j + 1000, 4*j + n + 801 = 0. Let p = j - -210. Calculate the highest common divisor of p and v.
1
Let y = -2041 - -2057. Suppose 2*b = -5*n + 650, -4*n + 6*n - 5*b - 231 = 0. Calculate the highest common divisor of n and y.
16
Let w(s) = s**3 - 7*s**2 - 7*s - 5. Let z be w(9). Let y = z - 86. Suppose 0 = -y*i + 272 - 56. Calculate the highest common divisor of 108 and i.
27
Let l = 2327 - 2318. Calculate the highest common factor of l and 17496.
9
Let j be (-2)/7 - 0 - (-6462)/126. Suppose 2*a = -7*i + 4*i + 98, -i + j = -3*a. Suppose -5*v - 1 = -21. What is the greatest common factor of i and v?
4
Suppose -426 = -22*g + 25*g. Let q = g + 598. What is the highest common divisor of q and 24?
24
Let l be (9/6 + -2)*-12. Let j = -4300 - -4462. Calculate the greatest common divisor of j and l.
6
Let u = -1125 + 1103. Let l(z) = z**3 - 5*z**2 - 8. Let v be l(6). Let w = v + u. What is the highest common divisor of w and 18?
6
Suppose -6 + 41 = 7*f. Suppose -f*u = 5*r - 676 - 504, -2*u = -4*r - 484. Calculate the greatest common factor of u and 14.
14
Let p(q) = q**3 - 21*q**2 + 44*q - 99. Let w be p(22). Suppose w + 452 = 19*b. Calculate the greatest common factor of b and 76.
19
Suppose 30*i = 21*i + 9. Let u be 6/(-33) + (-224)/(-22). Suppose -3*o - u + 13 = 0. Calculate the highest common divisor of i and o.
1
Suppose -33*i + 7*i + 5400 = -20*i. Calculate the greatest common factor of 5625 and i.
225
Let j = -10518 + 23300. What is the greatest common factor of 154 and j?
154
Let r(s) = -144*s + 593. Let q be r(4). Calculate the greatest common factor of 4709 and q.
17
Let g = 49 + -46. Suppose 4*r = 3*i + 7486, 0*r = 3*r + g*i - 5604. Let o be r/9 - (-4)/18. What is the highest common factor of 26 and o?
26
Let f = 9 - -13. Suppose f = -5*j + 87. What is the greatest common factor of 91 and j?
13
Suppose -162*y = -21*y + 46*y - 5610. What is the greatest common divisor of y and 795?
15
Let z(a) = -3*a - 20*a + 41*a + 8 - 2*a**2. Let w be z(7). What is the highest common divisor of 168 and w?
12
Suppose 174*p - 9153 = 61*p. Calculate the greatest common divisor of 63 and p.
9
Let x be ((-3342)/(-5))/6 + (-3)/(-5). Let b = -88 + x. Calculate the greatest common factor of b and 504.
24
Let d(q) be the first derivative of -q**4/4 + 11*q**3/3 + 3*q**2/2 + 31*q + 217. Let i be d(11). What is the highest common divisor of i and 8?
8
Let w be 4*(-184)/(-3)*39/52. Calculate the highest common divisor of w and 6.
2
Let l(p) = -3*p - 35. Let n(i) = 4*i + 34. Let v(m) = 5*l(m) + 6*n(m). Let q be v(4). Calculate the highest common factor of 52 and q.
13
Let k(s) = s**3 - 59*s**2 + 168*s + 8. Let j be k(56). Calculate the greatest common factor of j and 72.
8
Suppose 8*p - 4*p = -24, 4*b - 910 = 5*p. Calculate the highest common factor of 1650 and b.
110
Suppose 0*y - 10 = -5*y. Suppose -48 = -c + 4*x, 6*x = y*x. Calculate the greatest common factor of c and 84.
12
Let y(u) = -u**3 - 9*u**2 - 7*u + 1. Let n be y(-8). Let w be (-35)/(-7) + 101 + n. What is the highest common divisor of 231 and w?
33
Suppose 270 = -5*n - 5*c, -6*n = -n - 3*c + 270. Let f = n + 62. Let d = f + -2. What is the highest common factor of d and 18?
6
Let b = 34 - 5. Let w(v) = -33*v - 76. Let x be w(-19). Calculate the highest common divisor of x and b.
29
Let r = 34 - 25. Suppose -3*u + 4*h + 821 = 0, -5*u = 7*h - r*h - 1373. Calculate the highest common divisor of 55 and u.
55
Let i = 161 - -55. Let c be -1*(13 - 5)/(-1). Calculate the greatest common divisor of i and c.
8
Suppose 4*d = 5*j - 16026, 2*j + 5*d - 3952 = 2498. Calculate the highest common factor of 80 and j.
10
Let f(q) = 877*q + 8885. Let d be f(-10). What is the highest common factor of 40940 and d?
115
Let c = 1923 - 842. Suppose 9*m - c = 647. What is the greatest common divisor of 36 and m?
12
Suppose 5*w = 2*v - 1378, 0 = 9*v - 6*v + 3*w - 2046. Calculate the greatest common factor of v and 1064.
76
Let z(x) = x**3 - 17*x**2 - 18*x + 4. Suppose 9 + 117 = 7*y. Let l be z(y). Suppose -l*r + 103 = -177. What is the greatest common factor of 28 and r?
14
Let t(s) = -2*s**2 + 55*s - 65. Let d be t(22). Suppose -d*m + 173*m + 100 = 0. Calculate the greatest common divisor of 275 and m.
25
Let b = -864 + 867. Let f(v) = 3*v**2 + 4*v + 5 - 4*v - 9*v. Let r be f(b). Calculate the greatest common factor of r and 5.
5
Let k(u) = u**2 - 9*u + 23. Let l be k(6). Let n(r) = 48*r - 25. Let f be n(l). Calculate the highest common divisor of f and 5.
5
Let i be ((-3 + 2)/1)/(13/1222). Suppose 228 = -3*v + h, 3*h - 13 = -4. Let f = v - i. Calculate the greatest common divisor of 152 and f.
19
Let s(f) = 8*f - 13. Let c be s(6). Let b be (22/(-4))/(3 - c/14). Let d(g) = -g**2 - 10*g + 23. Let r be d(b). Calculate the highest common factor of r and 6.
6
Let o(f) = -18*f + 456. Let z be o(25). Let l = 72 - -9. Calculate the highest common divisor of z and l.
3
Suppose -48 = -5*w - 8. Suppose 5*n - w*n + 9 = 0. Suppose -3*c + 6*c + 633 = n*q, 4*c + 634 = 3*q. What is the greatest common divisor of q and 30?
30
Let l = -26 - -51. Let c be (-114 - 0)*(-55)/66. Calculate the highest common factor of c and l.
5
Let d be 65/3 + 414/(-621). What is the highest common factor of d and 24?
3
Let i(v) = v**2 - 3. Let m be i(7). Suppose 0 = -3*s - m + 142. What is the greatest common factor of 2 and s?
2
Let v be ((-3)/2)/((-135)/(-180)). Let q be (v/(-6)*-1)/((-7)/504). Calculate the greatest common factor of q and 88.
8
Let p = 310 + -278. Let i be (p/6)/(3/198). Calculate the highest common divisor of i and 22.
22
Suppose 15*l + 42*l - 125025 = 113406. Calculate the highest common factor of l and 356.
89
Let d = -13755 + 13899. What is the greatest common factor of 208 and d?
16
Suppose 0 = -6*j - 1 + 13. Let m be (j - (-2 + 0 - 2))*5. Suppose k - 26 = 244. What is the greatest common factor of m and k?
30
Let l(k) = -2*k**3 + 27*k**2 - 14*k + 55. Let z be l(13). Suppose z*y - 134 - 160 = 0. What is the highest common divisor of 595 and y?
7
Suppose 11*b - 36*b + 7580 + 18820 = 0. Calculate the greatest common divisor of b and 320.
32
Suppose -4*l - 3*a = -1715, 4*a = 4*l - 0*a - 1680. Let b = 6500 - 6400. Calculate the greatest common factor of b and l.
25
Suppose -29*g = -23*g + 12. Let t be (4 + 292)*g/(-4). Let f = t + -142. Calculate the greatest common factor of f and 66.
6
Let j be 0 - 2 - (5 + (5 - 313)). Let d = j + -181. What is the highest common divisor of d and 40?
40
Let l = 490 - 290. Let o(k) = 16*k + 27. Let d be o(3). Calculate the greatest common divisor of d and l.
25
Suppose 4*f = 4*f - 6*f. Suppose -3*h + 3*l + 42 = f, -h + 2*h + 2 = 5*l. Let p be 100/15*(h/4)/3. Calculate the highest common factor of 20 and p.
10
Suppose -5*d + 6 = 1. Let p be 5 + 2 + -4 - d. Let c = -28 - -44. Calculate the highest common factor of p and c.
2
Let c(x) = 144*x. Let i be c(1). Let a = -226 + 588. Suppose a*q + 16 = 363*q. What is the greatest common factor of q and i?
16
Let o(g) = 8*g - 134. Let c be o(16). Let a be c/(-48)*4*640. Calculate the greatest common factor of a and 128.
64
Let p be (-106)/(-5*(-4)/10*-1). Let f =